?
True
Is 171195 a multiple of 45?
False
Does 398 divide 384267?
False
Is 178 a factor of 526513?
False
Does 15 divide 15384210?
True
Does 354 divide 5104045?
False
Is 16 a factor of 1684015?
False
Does 313 divide 247583?
True
Is 12906624 a multiple of 48?
True
Is 1334214 a multiple of 126?
True
Is 18 a factor of 5640696?
True
Is 6747105 a multiple of 946?
False
Is 236884 a multiple of 12?
False
Does 21 divide 190806?
True
Is 84665 a multiple of 16?
False
Is 110 a factor of 86240?
True
Does 525 divide 8339629?
False
Does 101 divide 1144532?
True
Is 187 a factor of 148665?
True
Is 20350529 a multiple of 1367?
True
Does 96 divide 855744?
True
Is 36 a factor of 5080140?
True
Does 144 divide 142831?
False
Does 95 divide 5971415?
True
Does 29 divide 366217?
False
Is 62 a factor of 5471167?
False
Is 11260082 a multiple of 722?
False
Is 179 a factor of 2734228?
False
Is 59 a factor of 65136?
True
Does 45 divide 3865?
False
Is 145008 a multiple of 424?
True
Is 405 a factor of 2433645?
True
Is 1960314 a multiple of 89?
True
Does 125 divide 10440375?
True
Does 133 divide 3367693?
True
Is 53334 a multiple of 18?
True
Is 5630079 a multiple of 273?
True
Is 59106 a multiple of 19?
False
Is 178940 a multiple of 389?
True
Does 651 divide 263458?
False
Is 1588617 a multiple of 597?
True
Is 112 a factor of 15904?
True
Is 27 a factor of 1531806?
False
Is 427774 a multiple of 12?
False
Is 65 a factor of 262500?
False
Is 11 a factor of 855139?
False
Does 124 divide 73532?
True
Is 54996 a multiple of 18?
False
Does 15 divide 808350?
True
Does 100 divide 142422?
False
Does 11 divide 1170155?
False
Is 20 a factor of 3072960?
True
Is 3 a factor of 106206?
True
Is 97274 a multiple of 284?
False
Is 107 a factor of 77254?
True
Is 18 a factor of 380024?
False
Is 8 a factor of 26768?
True
Is 89 a factor of 154415?
True
Does 684 divide 1769508?
True
Is 69 a factor of 21045?
True
Is 9 a factor of 258377?
False
Is 5600010 a multiple of 65?
True
Is 4 a factor of 23652?
True
Is 4 a factor of 7426?
False
Is 684255 a multiple of 363?
True
Is 83 a factor of 422138?
True
Is 15 a factor of 94324?
False
Is 321509 a multiple of 43?
False
Is 81 a factor of 3137697?
True
Does 19 divide 7701878?
True
Does 1418 divide 1476138?
True
Is 3114 a multiple of 9?
True
Is 1891836 a multiple of 27?
True
Is 316960 a multiple of 10?
True
Is 6 a factor of 282246?
True
Is 3 a factor of 58375?
False
Is 996824 a multiple of 212?
True
Is 208148 a multiple of 17?
True
Is 496638 a multiple of 34?
True
Is 59 a factor of 23010?
True
Is 16765110 a multiple of 93?
True
Does 79 divide 53167?
True
Is 92 a factor of 97155?
False
Does 35 divide 102153?
False
Does 619 divide 339212?
True
Does 19 divide 2722130?
True
Is 5 a factor of 13004?
False
Is 447524 a multiple of 7?
True
Is 101 a factor of 244228?
False
Is 45 a factor of 2132090?
False
Does 121 divide 24599?
False
Is 141 a factor of 260004?
True
Does 143 divide 1171660?
False
Does 32 divide 226456?
False
Does 69 divide 116334?
True
Is 8516677 a multiple of 1787?
False
Does 126 divide 270900?
True
Is 276452 a multiple of 22?
True
Is 305384 a multiple of 24?
False
Is 3644760 a multiple of 140?
True
Is 49 a factor of 2953720?
True
Is 421 a factor of 5940834?
False
Is 63297 a multiple of 6?
False
Is 7172131 a multiple of 137?
False
Is 4 a factor of 61744?
True
Is 28 a factor of 16876?
False
Is 169 a factor of 629525?
True
Is 27 a factor of 205781?
False
Does 873 divide 395469?
True
Does 273 divide 108918?
False
Is 1830631 a multiple of 436?
False
Is 5 a factor of 171910?
True
Does 17 divide 879128?
False
Does 3 divide 162145?
False
Is 36 a factor of 220464?
True
Is 10 a factor of 18486?
False
Is 22 a factor of 5197412?
True
Is 2277198 a multiple of 198?
True
Is 44 a factor of 120252?
True
Is 1815 a factor of 7038570?
True
Does 82 divide 739476?
True
Does 40 divide 110000?
True
Does 10 divide 1608480?
True
Does 6 divide 17460?
True
Is 593 a factor of 19172882?
False
Does 136 divide 9620?
False
Does 7 divide 7035?
True
Does 14 divide 113321?
False
Is 3734535 a multiple of 51?
False
Is 7650 a multiple of 75?
True
Is 82 a factor of 5710070?
True
Does 1217 divide 14285108?
False
Is 58 a factor of 2690678?
True
Does 75 divide 71829?
False
Is 45710 a multiple of 70?
True
Does 3 divide 876360?
True
Is 31 a factor of 9826460?
False
Is 1023 a factor of 6601663?
False
Is 78 a factor of 104286?
True
Is 77 a factor of 250404?
True
Is 98010 a multiple of 90?
True
Is 37 a factor of 720030?
False
Does 36 divide 605700?
True
Does 13 divide 13298932?
False
Is 42 a factor of 289842?
True
Is 7 a factor of 1025080?
True
Does 103 divide 838626?
True
Is 336298 a multiple of 7?
False
Does 403 divide 2714967?
False
Is 14 a factor of 138404?
True
Is 43 a factor of 388806?
True
Does 264 divide 7055664?
True
Is 3314965 a multiple of 25?
False
Does 69 divide 4505803?
False
Is 18 a factor of 2096750?
False
Is 17522851 a multiple of 17?
False
Does 104 divide 1057784?
True
Is 407 a factor of 109706?
False
Is 389997 a multiple of 153?
True
Is 4 a factor of 61425?
False
Is 8 a factor of 421421?
False
Is 49 a factor of 13607429?
False
Does 26 divide 41444?
True
Is 15 a factor of 249317?
False
Does 18 divide 705164?
False
Does 909 divide 13155957?
True
Is 387875 a multiple of 38?
False
Does 13 divide 4481604?
False
Is 288 a factor of 516672?
True
Is 2 a factor of 1200730?
True
Does 95 divide 156807?
False
Is 6857600 a multiple of 50?
True
Is 2374507 a multiple of 2?
False
Does 65 divide 77539?
False
Does 28 divide 6804?
True
Is 5 a factor of 71173?
False
Does 50 divide 8640?
False
Is 203763 a multiple of 93?
True
Does 42 divide 5937?
False
Does 1143 divide 13541121?
True
Is 322 a factor of 736092?
True
Is 85 a factor of 506260?
True
Does 80 divide 108238?
False
Is 515 a factor of 5677360?
True
Is 14 a factor of 752564?
False
Is 18635 even?
False
Is 14 a factor of 905447?
False
Is 42 a factor of 737940?
True
Does 416 divide 4660448?
True
Does 33 divide 11391776?
False
Does 865 divide 563980?
True
Is 7782786 a multiple of 305?
False
Is 8392 a multiple of 21?
False
Does 926 divide 1477896?
True
Does 372 divide 4253076?
True
Is 68150 a multiple of 67?
False
Is 26 a factor of 117624?
True
Does 4 divide 96289?
False
Is 286 a factor of 2545114?
True
Does 9 divide 37584?
True
Is 41539 a multiple of 6?
False
Is 7467959 a multiple of 1735?
False
Does 40 divide 160358?
False
Is 40024 a multiple of 565?
False
Is 14748945 a multiple of 17?
True
Is 392944 a multiple of 164?
True
Is 5220954 a multiple of 62?
False
Is 193 a factor of 119817?
False
Is 11 a factor of 89650?
True
Is 78845 a multiple of 5?
True
Does 41 divide 576296?
True
Does 34 divide 12884380?
False
Is 11 a factor of 35629?
True
Is 1413166 a multiple of 713?
True
Is 98 a factor of 123088?
True
Is 303597 a multiple of 9?
True
Does 114 divide 36936?
True
Is 1417455 a multiple of 13?
True
Is 277431 a multiple of 21?
True
Does 2 divide 279680?
True
Is 127 a factor of 68961?
True
Is 60072 a multiple of 6?
True
Is 543302 a multiple of 566?
False
Is 41 a factor of 10414?
True
Is 33629 a multiple of 3?
False
Is 190 a factor of 634600?
True
Does 33 divide 2438529?
False
Does 22 divide 32474?
False
Is 3972 a multiple of 8?
False
Does 244 divide 116918?
False
Does 14 divide 325350?
False
Is 314 a factor of 2463178?
False
Does 298 divide 886741?
False
Is 6 a factor of 41776?
False
Does 402 divide 696251?
False
Is 22859799 a multiple of 1250?
False
Does 754 divide 3472170?
True
Is 2194713 a multiple of 135?
False
Is 8833528 a multiple of 814?
True
Is 14 a factor of 73381?
False
Is 27153840 a multiple of 40?
True
Is 90 a factor of 42300?
True
Does 30 divide 1183381?
False
Is 12934174 a multiple of 29?
True
Does 42 divide 6677?
False
Does 3 divide 597427?
False
Is 35 a factor of 1784651?
False
Is 973364 a multiple of 41?
False
Is 643728 a multiple of 12?
True
Is 297 a factor of 10157?
False
Is 4373 a multiple of 44?
False
Is 10 a factor of 17919080?
True
Does 11 divide 8732174?
True
Is 193798 a multiple of 5?
False
Is 25 a factor of 3537680?
False
Is 5 a factor of 1002260?
True
Is 3 a factor of 8111?
False
Does 199 divide 247158?
True
Is 47 a factor of 306419?
False
Is 58 a factor of 217732?
True
Does 155 divide 153355?
False
Does 3 divide 49379?
False
Does 